{"id":303,"date":"2023-09-30T06:28:25","date_gmt":"2023-09-30T06:28:25","guid":{"rendered":"https:\/\/bikinitumbler.ch\/?post_type=product&#038;p=303"},"modified":"2025-10-31T17:33:40","modified_gmt":"2025-10-31T17:33:40","slug":"bikinitrockner-waescheschleuder-standgeraet","status":"publish","type":"product","link":"https:\/\/bikinitrockner.com\/index.php\/product\/bikinitrockner-waescheschleuder-standgeraet\/","title":{"rendered":"Bikinitrockner &#8211; W\u00e4scheschleuder &#8222;Standger\u00e4t&#8220;"},"content":{"rendered":"<hr \/>\n<p>Dieses Modell l\u00e4sst sich \u00fcberall\u00a0<b>einfach nur hinstellen<\/b>\u00a0und hat einen\u00a0<b>15l Auffangbeh\u00e4lter integriert<\/b>.<\/p>\n<div class=\"fceheader\">\n<hr \/>\n<div class=\"col-sm-6\">\n<ul>\n<li><strong>Langlebiges<\/strong>\u00a0und<strong>\u00a0rostfreies Geh\u00e4use<\/strong>\u00a0in verschiedenen Designs<\/li>\n<li>Geringe Betriebskosten \u2013 3 Watt Standby \/ 350 Watt im Betrieb<\/li>\n<li><strong>IP 54 gesch\u00fctzter Motor<\/strong>\u00a0mit beidseitig abgedichteten\u00a0<strong>Edelstahllager\u00a0<\/strong><\/li>\n<li>und\u00a0<strong>hochqualitative Motorbremse<\/strong>\u00a0f\u00fcr eine sichere Handhabung<\/li>\n<\/ul>\n<hr \/>\n<\/div>\n<div class=\"col-sm-6\">\n<ul>\n<li><strong>CE \u2013 Sicherheitsdesign<\/strong>, keine scharfe Ecken<\/li>\n<li>Inbetriebnahme durch\u00a0<strong>einfaches niederdr\u00fccken<\/strong><\/li>\n<li>Automatische\u00a0<strong>Abschaltung nach 10 Sek.<\/strong>\u00a0\u2013 f\u00fcr eine lange Betriebsdauer<\/li>\n<li><strong>B\u00fcrstenring\u00a0<\/strong>oberhalb der Trommel schont die Bademode<\/li>\n<\/ul>\n<hr \/>\n<\/div>\n<\/div>\n<div class=\"row gradgrey\">\n<div class=\"col-sm-8 col-sm-offset-2\">\n<div class=\"row\">\n<div class=\"col-sm-6\">\n<div class=\"csc-textpic csc-textpic-center csc-textpic-above\">\n<div class=\"csc-textpic-imagewrap\"><\/div>\n<\/div>\n<\/div>\n<\/div>\n<\/div>\n<\/div>\n","protected":false},"excerpt":{"rendered":"<div class=\"fceheader\">\n<p><strong>Standger\u00e4t: <\/strong>Dieses Modell l\u00e4sst sich \u00fcberall\u00a0<b>einfach nur hinstellen<\/b>\u00a0und hat einen\u00a0<b>15l Auffangbeh\u00e4lter integriert<\/b>.<br \/>\n3 Farbvarianten sind Verf\u00fcgbar: Granite, White Marble, Frost White<\/p>\n<\/div>\n","protected":false},"featured_media":774,"comment_status":"closed","ping_status":"closed","template":"","meta":[],"product_brand":[],"product_cat":[16],"product_tag":[],"class_list":{"0":"post-303","1":"product","2":"type-product","3":"status-publish","4":"has-post-thumbnail","6":"product_cat-trockner","7":"product_shipping_class-standgeraete","9":"first","10":"instock","11":"taxable","12":"shipping-taxable","13":"purchasable","14":"product-type-variable"},"yoast_head":"<!-- This site is optimized with the Yoast SEO plugin v27.5 - https:\/\/yoast.com\/product\/yoast-seo-wordpress\/ -->\n<title>Bikinitrockner - W\u00e4scheschleuder &quot;Standger\u00e4t&quot; - Bikinitrockner<\/title>\n<meta name=\"robots\" content=\"index, follow, max-snippet:-1, max-image-preview:large, max-video-preview:-1\" \/>\n<link rel=\"canonical\" href=\"https:\/\/bikinitrockner.com\/index.php\/product\/bikinitrockner-waescheschleuder-standgeraet\/\" \/>\n<meta property=\"og:locale\" content=\"de_DE\" \/>\n<meta property=\"og:type\" content=\"article\" \/>\n<meta property=\"og:title\" content=\"Bikinitrockner - W\u00e4scheschleuder &quot;Standger\u00e4t&quot; - Bikinitrockner\" \/>\n<meta property=\"og:description\" content=\"Standger\u00e4t: Dieses Modell l\u00e4sst sich \u00fcberall\u00a0einfach nur hinstellen\u00a0und hat einen\u00a015l Auffangbeh\u00e4lter integriert. 3 Farbvarianten sind Verf\u00fcgbar: Granite, White Marble, Frost White\" \/>\n<meta property=\"og:url\" content=\"https:\/\/bikinitrockner.com\/index.php\/product\/bikinitrockner-waescheschleuder-standgeraet\/\" \/>\n<meta property=\"og:site_name\" content=\"Bikinitrockner\" \/>\n<meta property=\"article:modified_time\" content=\"2025-10-31T17:33:40+00:00\" \/>\n<meta property=\"og:image\" content=\"https:\/\/bikinitrockner.com\/wp-content\/uploads\/2023\/09\/Bikinitrockner_Montage_NEU.jpg\" \/>\n\t<meta property=\"og:image:width\" content=\"867\" \/>\n\t<meta property=\"og:image:height\" content=\"533\" \/>\n\t<meta property=\"og:image:type\" content=\"image\/jpeg\" \/>\n<meta name=\"twitter:card\" content=\"summary_large_image\" \/>\n<meta name=\"twitter:label1\" content=\"Gesch\u00e4tzte Lesezeit\" \/>\n\t<meta name=\"twitter:data1\" content=\"1\u00a0Minute\" \/>\n<script type=\"application\/ld+json\" class=\"yoast-schema-graph\">{\"@context\":\"https:\\\/\\\/schema.org\",\"@graph\":[{\"@type\":\"WebPage\",\"@id\":\"https:\\\/\\\/bikinitrockner.com\\\/index.php\\\/product\\\/bikinitrockner-waescheschleuder-standgeraet\\\/\",\"url\":\"https:\\\/\\\/bikinitrockner.com\\\/index.php\\\/product\\\/bikinitrockner-waescheschleuder-standgeraet\\\/\",\"name\":\"Bikinitrockner - W\u00e4scheschleuder \\\"Standger\u00e4t\\\" - Bikinitrockner\",\"isPartOf\":{\"@id\":\"https:\\\/\\\/bikinitrockner.com\\\/#website\"},\"primaryImageOfPage\":{\"@id\":\"https:\\\/\\\/bikinitrockner.com\\\/index.php\\\/product\\\/bikinitrockner-waescheschleuder-standgeraet\\\/#primaryimage\"},\"image\":{\"@id\":\"https:\\\/\\\/bikinitrockner.com\\\/index.php\\\/product\\\/bikinitrockner-waescheschleuder-standgeraet\\\/#primaryimage\"},\"thumbnailUrl\":\"https:\\\/\\\/bikinitrockner.com\\\/wp-content\\\/uploads\\\/2023\\\/09\\\/Bikinitrockner_Montage_NEU.jpg\",\"datePublished\":\"2023-09-30T06:28:25+00:00\",\"dateModified\":\"2025-10-31T17:33:40+00:00\",\"breadcrumb\":{\"@id\":\"https:\\\/\\\/bikinitrockner.com\\\/index.php\\\/product\\\/bikinitrockner-waescheschleuder-standgeraet\\\/#breadcrumb\"},\"inLanguage\":\"de\",\"potentialAction\":[{\"@type\":\"ReadAction\",\"target\":[\"https:\\\/\\\/bikinitrockner.com\\\/index.php\\\/product\\\/bikinitrockner-waescheschleuder-standgeraet\\\/\"]}]},{\"@type\":\"ImageObject\",\"inLanguage\":\"de\",\"@id\":\"https:\\\/\\\/bikinitrockner.com\\\/index.php\\\/product\\\/bikinitrockner-waescheschleuder-standgeraet\\\/#primaryimage\",\"url\":\"https:\\\/\\\/bikinitrockner.com\\\/wp-content\\\/uploads\\\/2023\\\/09\\\/Bikinitrockner_Montage_NEU.jpg\",\"contentUrl\":\"https:\\\/\\\/bikinitrockner.com\\\/wp-content\\\/uploads\\\/2023\\\/09\\\/Bikinitrockner_Montage_NEU.jpg\",\"width\":867,\"height\":533},{\"@type\":\"BreadcrumbList\",\"@id\":\"https:\\\/\\\/bikinitrockner.com\\\/index.php\\\/product\\\/bikinitrockner-waescheschleuder-standgeraet\\\/#breadcrumb\",\"itemListElement\":[{\"@type\":\"ListItem\",\"position\":1,\"name\":\"Startseite\",\"item\":\"https:\\\/\\\/bikinitrockner.com\\\/\"},{\"@type\":\"ListItem\",\"position\":2,\"name\":\"Produkte\",\"item\":\"https:\\\/\\\/bikinitrockner.com\\\/index.php\\\/shop\\\/\"},{\"@type\":\"ListItem\",\"position\":3,\"name\":\"Bikinitrockner &#8211; W\u00e4scheschleuder &#8222;Standger\u00e4t&#8220;\"}]},{\"@type\":\"WebSite\",\"@id\":\"https:\\\/\\\/bikinitrockner.com\\\/#website\",\"url\":\"https:\\\/\\\/bikinitrockner.com\\\/\",\"name\":\"Bikinitrockner - Die neue W\u00e4scheschleuder\",\"description\":\"Die neue W\u00e4scheschleuder\",\"publisher\":{\"@id\":\"https:\\\/\\\/bikinitrockner.com\\\/#organization\"},\"potentialAction\":[{\"@type\":\"SearchAction\",\"target\":{\"@type\":\"EntryPoint\",\"urlTemplate\":\"https:\\\/\\\/bikinitrockner.com\\\/?s={search_term_string}\"},\"query-input\":{\"@type\":\"PropertyValueSpecification\",\"valueRequired\":true,\"valueName\":\"search_term_string\"}}],\"inLanguage\":\"de\"},{\"@type\":\"Organization\",\"@id\":\"https:\\\/\\\/bikinitrockner.com\\\/#organization\",\"name\":\"Bikinitrockner - Die neue W\u00e4scheschleuder\",\"url\":\"https:\\\/\\\/bikinitrockner.com\\\/\",\"logo\":{\"@type\":\"ImageObject\",\"inLanguage\":\"de\",\"@id\":\"https:\\\/\\\/bikinitrockner.com\\\/#\\\/schema\\\/logo\\\/image\\\/\",\"url\":\"https:\\\/\\\/bikinitrockner.com\\\/wp-content\\\/uploads\\\/2023\\\/08\\\/Logo_Bikinitrockner.png\",\"contentUrl\":\"https:\\\/\\\/bikinitrockner.com\\\/wp-content\\\/uploads\\\/2023\\\/08\\\/Logo_Bikinitrockner.png\",\"width\":1773,\"height\":1064,\"caption\":\"Bikinitrockner - Die neue W\u00e4scheschleuder\"},\"image\":{\"@id\":\"https:\\\/\\\/bikinitrockner.com\\\/#\\\/schema\\\/logo\\\/image\\\/\"}}]}<\/script>\n<!-- \/ Yoast SEO plugin. -->","yoast_head_json":{"title":"Bikinitrockner - W\u00e4scheschleuder \"Standger\u00e4t\" - Bikinitrockner","robots":{"index":"index","follow":"follow","max-snippet":"max-snippet:-1","max-image-preview":"max-image-preview:large","max-video-preview":"max-video-preview:-1"},"canonical":"https:\/\/bikinitrockner.com\/index.php\/product\/bikinitrockner-waescheschleuder-standgeraet\/","og_locale":"de_DE","og_type":"article","og_title":"Bikinitrockner - W\u00e4scheschleuder \"Standger\u00e4t\" - Bikinitrockner","og_description":"Standger\u00e4t: Dieses Modell l\u00e4sst sich \u00fcberall\u00a0einfach nur hinstellen\u00a0und hat einen\u00a015l Auffangbeh\u00e4lter integriert. 3 Farbvarianten sind Verf\u00fcgbar: Granite, White Marble, Frost White","og_url":"https:\/\/bikinitrockner.com\/index.php\/product\/bikinitrockner-waescheschleuder-standgeraet\/","og_site_name":"Bikinitrockner","article_modified_time":"2025-10-31T17:33:40+00:00","og_image":[{"width":867,"height":533,"url":"https:\/\/bikinitrockner.com\/wp-content\/uploads\/2023\/09\/Bikinitrockner_Montage_NEU.jpg","type":"image\/jpeg"}],"twitter_card":"summary_large_image","twitter_misc":{"Gesch\u00e4tzte Lesezeit":"1\u00a0Minute"},"schema":{"@context":"https:\/\/schema.org","@graph":[{"@type":"WebPage","@id":"https:\/\/bikinitrockner.com\/index.php\/product\/bikinitrockner-waescheschleuder-standgeraet\/","url":"https:\/\/bikinitrockner.com\/index.php\/product\/bikinitrockner-waescheschleuder-standgeraet\/","name":"Bikinitrockner - W\u00e4scheschleuder \"Standger\u00e4t\" - Bikinitrockner","isPartOf":{"@id":"https:\/\/bikinitrockner.com\/#website"},"primaryImageOfPage":{"@id":"https:\/\/bikinitrockner.com\/index.php\/product\/bikinitrockner-waescheschleuder-standgeraet\/#primaryimage"},"image":{"@id":"https:\/\/bikinitrockner.com\/index.php\/product\/bikinitrockner-waescheschleuder-standgeraet\/#primaryimage"},"thumbnailUrl":"https:\/\/bikinitrockner.com\/wp-content\/uploads\/2023\/09\/Bikinitrockner_Montage_NEU.jpg","datePublished":"2023-09-30T06:28:25+00:00","dateModified":"2025-10-31T17:33:40+00:00","breadcrumb":{"@id":"https:\/\/bikinitrockner.com\/index.php\/product\/bikinitrockner-waescheschleuder-standgeraet\/#breadcrumb"},"inLanguage":"de","potentialAction":[{"@type":"ReadAction","target":["https:\/\/bikinitrockner.com\/index.php\/product\/bikinitrockner-waescheschleuder-standgeraet\/"]}]},{"@type":"ImageObject","inLanguage":"de","@id":"https:\/\/bikinitrockner.com\/index.php\/product\/bikinitrockner-waescheschleuder-standgeraet\/#primaryimage","url":"https:\/\/bikinitrockner.com\/wp-content\/uploads\/2023\/09\/Bikinitrockner_Montage_NEU.jpg","contentUrl":"https:\/\/bikinitrockner.com\/wp-content\/uploads\/2023\/09\/Bikinitrockner_Montage_NEU.jpg","width":867,"height":533},{"@type":"BreadcrumbList","@id":"https:\/\/bikinitrockner.com\/index.php\/product\/bikinitrockner-waescheschleuder-standgeraet\/#breadcrumb","itemListElement":[{"@type":"ListItem","position":1,"name":"Startseite","item":"https:\/\/bikinitrockner.com\/"},{"@type":"ListItem","position":2,"name":"Produkte","item":"https:\/\/bikinitrockner.com\/index.php\/shop\/"},{"@type":"ListItem","position":3,"name":"Bikinitrockner &#8211; W\u00e4scheschleuder &#8222;Standger\u00e4t&#8220;"}]},{"@type":"WebSite","@id":"https:\/\/bikinitrockner.com\/#website","url":"https:\/\/bikinitrockner.com\/","name":"Bikinitrockner - Die neue W\u00e4scheschleuder","description":"Die neue W\u00e4scheschleuder","publisher":{"@id":"https:\/\/bikinitrockner.com\/#organization"},"potentialAction":[{"@type":"SearchAction","target":{"@type":"EntryPoint","urlTemplate":"https:\/\/bikinitrockner.com\/?s={search_term_string}"},"query-input":{"@type":"PropertyValueSpecification","valueRequired":true,"valueName":"search_term_string"}}],"inLanguage":"de"},{"@type":"Organization","@id":"https:\/\/bikinitrockner.com\/#organization","name":"Bikinitrockner - Die neue W\u00e4scheschleuder","url":"https:\/\/bikinitrockner.com\/","logo":{"@type":"ImageObject","inLanguage":"de","@id":"https:\/\/bikinitrockner.com\/#\/schema\/logo\/image\/","url":"https:\/\/bikinitrockner.com\/wp-content\/uploads\/2023\/08\/Logo_Bikinitrockner.png","contentUrl":"https:\/\/bikinitrockner.com\/wp-content\/uploads\/2023\/08\/Logo_Bikinitrockner.png","width":1773,"height":1064,"caption":"Bikinitrockner - Die neue W\u00e4scheschleuder"},"image":{"@id":"https:\/\/bikinitrockner.com\/#\/schema\/logo\/image\/"}}]}},"jetpack_sharing_enabled":true,"_links":{"self":[{"href":"https:\/\/bikinitrockner.com\/index.php\/wp-json\/wp\/v2\/product\/303","targetHints":{"allow":["GET"]}}],"collection":[{"href":"https:\/\/bikinitrockner.com\/index.php\/wp-json\/wp\/v2\/product"}],"about":[{"href":"https:\/\/bikinitrockner.com\/index.php\/wp-json\/wp\/v2\/types\/product"}],"replies":[{"embeddable":true,"href":"https:\/\/bikinitrockner.com\/index.php\/wp-json\/wp\/v2\/comments?post=303"}],"wp:featuredmedia":[{"embeddable":true,"href":"https:\/\/bikinitrockner.com\/index.php\/wp-json\/wp\/v2\/media\/774"}],"wp:attachment":[{"href":"https:\/\/bikinitrockner.com\/index.php\/wp-json\/wp\/v2\/media?parent=303"}],"wp:term":[{"taxonomy":"product_brand","embeddable":true,"href":"https:\/\/bikinitrockner.com\/index.php\/wp-json\/wp\/v2\/product_brand?post=303"},{"taxonomy":"product_cat","embeddable":true,"href":"https:\/\/bikinitrockner.com\/index.php\/wp-json\/wp\/v2\/product_cat?post=303"},{"taxonomy":"product_tag","embeddable":true,"href":"https:\/\/bikinitrockner.com\/index.php\/wp-json\/wp\/v2\/product_tag?post=303"}],"curies":[{"name":"wp","href":"https:\/\/api.w.org\/{rel}","templated":true}]}}